t f be p(-2). Let u = -33 - f. Let k be (7 - (u - -5)) + 1. What is the highest common factor of 24 and k?
4
Suppose 146 + 184 = 2*h + 3*o, -2*o - 8 = 0. What is the highest common factor of h and 95?
19
Let t = 42 - 12. Suppose 5*j + t - 140 = 0. Suppose 0 + j = d. Calculate the highest common divisor of d and 88.
22
Suppose 0 = -2*m + 6*m. Let x(r) = 5 + m*r - r - r + 0. Let w be x(0). Calculate the greatest common factor of w and 1.
1
Suppose -20*u = -18*u - 608. Suppose -97 = 3*i - u. Let c = 137 - 91. What is the greatest common divisor of c and i?
23
Let f be 0 - -43 - (-8)/(1 + 3). What is the greatest common divisor of 15 and f?
15
Let d = -950 + 992. Suppose -q = -32 + 4. Calculate the greatest common divisor of d and q.
14
Let m(i) = 3*i - 14. Let w be m(8). Let a(f) = -f**3 + 9*f**2 + 11*f + 9. Let b be a(w). What is the greatest common divisor of b and 57?
19
Let f = 26 - -15. Let r = f + -31. What is the highest common factor of 50 and r?
10
Suppose 20 - 45 = 5*c + 5*h, -c - 4*h - 20 = 0. Suppose 2*o + 58 = 3*s, 0*s - 4*s - o + 81 = c. Calculate the greatest common divisor of 5 and s.
5
Let s = 2 - 0. Suppose s*k - 30 = -3*a - 2*a, 0 = 2*a - k - 3. Let n = -2177 - -2209. Calculate the greatest common factor of n and a.
4
Suppose -1683 = 9*b - 18*b. What is the highest common divisor of 88 and b?
11
Suppose 0 = -8*k + 15*k - 196. Let p be (11/(-2))/(2*(-1)/k). Calculate the greatest common factor of p and 7.
7
Let c = -46 + 73. Let f = -13 + c. Let l(p) = 3*p**2 - 5*p - 8. Let i be l(6). What is the greatest common factor of f and i?
14
Suppose 303*s - 302*s = 6144. Calculate the greatest common factor of s and 32.
32
Suppose 0 = 4*m + 6*m + 4*m. Suppose m = g - 3*g + 54. What is the highest common divisor of g and 9?
9
Suppose 2*n = 2*z - 6, 0*z - 5*z + 15 = -3*n. Let j be (-8)/((-24)/9) - (1 + n). Let q = -12 - -17. What is the greatest common divisor of j and q?
1
Suppose 4*c + 16 = 104. What is the greatest common divisor of 374 and c?
22
Let n be 26/7 + ((-16)/14)/(-4). Let p = n + 17. Calculate the highest common factor of 105 and p.
21
Suppose -g + 2*g = -5*n, -3*n + 3*g = -18. Let y be n*-3*96/(-36). What is the highest common factor of y and 8?
8
Suppose 0 = -8*t - 372 + 1284. Calculate the highest common factor of t and 6.
6
Let n be 115/25 + (-1)/5*-2. Suppose -m = 6*x - n*x - 26, -112 = -4*m - 2*x. Calculate the highest common factor of m and 6.
6
Let i = 433 - 429. Calculate the greatest common divisor of i and 58.
2
Let j be (6 - 2)*1*(-26)/(-4). Suppose m - 29 - j = 0. Let x(u) = -u**2 + 8*u - 1. Let f be x(6). What is the greatest common factor of m and f?
11
Let n be (-12)/(-3*(-3)/(-6)). Let l = 28 + -16. What is the greatest common divisor of n and l?
4
Let c be ((-60)/(-15))/(-4) + 11*11. Calculate the greatest common factor of 15 and c.
15
Suppose -2*j + 38 = -4*k, 2*j - 7*k = -2*k + 43. Suppose 11*r - j*r = 308. What is the highest common factor of 14 and r?
14
Suppose -19 = -2*l + 1. Let c = l + -4. Calculate the greatest common factor of c and 6.
6
Let z = -5 - -19. Let g = z + -2. Calculate the highest common divisor of 6 and g.
6
Suppose 2*l = -2*l + 8. Let v be l + (3 + (-6)/4)*12. Calculate the highest common divisor of 10 and v.
10
Suppose 4*x - 2*s - 178 = 334, -5*s + 232 = 2*x. Calculate the highest common factor of 54 and x.
18
Let p(y) = 26*y + 501. Let i be p(-19). What is the highest common factor of 644 and i?
7
Suppose 24*j - 13*j + 40 - 260 = 0. Let u = 10 - 5. Calculate the highest common factor of j and u.
5
Let b(o) = 594*o**2 - o - 1. Let l be b(-1). Suppose l = 6*d - 546. Calculate the greatest common divisor of d and 76.
38
Let a = 44 - 41. Let i be 37*a - (-9 - (7 + -13)). Calculate the highest common factor of i and 285.
57
Suppose -20 = -3*r - 2*r. Let h be (3 + 7)/(2/r) - -2. What is the greatest common factor of 242 and h?
22
Suppose 0 = -6*y + 38 - 314. Let o = y + 207. Calculate the highest common factor of 7 and o.
7
Let z(g) be the third derivative of -g**6/120 + 7*g**5/30 + 17*g**4/24 - 11*g**3/3 - 2*g**2. Let b be z(15). What is the highest common factor of b and 36?
4
Let o(p) = 26*p - 45. Let u be o(4). Calculate the greatest common factor of u and 413.
59
Let o(g) = -g**3 - 15*g**2 - 28*g - 4. Let c be o(-13). Suppose -c = 7*j - 715. Calculate the greatest common divisor of 9 and j.
9
Let k = -57 - -107. Suppose -l = -3*i + 23 + 6, 5*l = 3*i - 13. Suppose 8*w + 30 = i*w. Calculate the highest common divisor of k and w.
10
Let o(w) = -6*w + 27. Let z be o(-3). Suppose -4*s + 27 = -z. Calculate the highest common divisor of s and 90.
18
Let w be (-2175)/(-174)*4*1. Calculate the greatest common factor of 180 and w.
10
Suppose 38*v - 3046 = 298. Calculate the highest common divisor of v and 11.
11
Let l be 1/3 - 16/(-6). Suppose 13 = 3*w + 13*u - 8*u, -5*w = -2*u - 32. Calculate the highest common factor of l and w.
3
Suppose 3*u + 9 = -2*j + j, -u - 3 = 3*j. Let k(c) = -2*c - 1 - 1 + j + 13*c**2. Let t be k(-1). What is the greatest common divisor of t and 39?
13
Let y(x) = x + 12. Let m be y(16). What is the greatest common factor of m and 70?
14
Let b(a) = a**2 + 6*a + 42. Let o be b(-6). Let s be o - (-4 + 4 + -3). Calculate the greatest common factor of s and 90.
45
Let h(a) = 11*a**2 - a + 1. Suppose 3*n - 8*n = -2*j + 19, 4*n + 4 = -4*j. Suppose 1 = -r + j*r. Let s be h(r). What is the highest common factor of s and 11?
11
Suppose -33 = -5*j + c, -9 = -4*j + 3*c - 8*c. Let s = j + -3. Suppose -3*r + 99 = -2*w, 0 = -5*w + s*w. What is the greatest common factor of 22 and r?
11
Suppose 4*q + 0*q = -4*k + 92, q + 89 = 3*k. Suppose -2*d - 3*x = x - k, -98 = -5*d + 4*x. What is the greatest common factor of d and 36?
18
Let x be (3 - 2)*(-4 - -1)*-1. Calculate the highest common divisor of 5 and x.
1
Let a be (-14)/(-6) + (-1)/3. Let p = -227 - -230. Suppose -m + 46 = -p*v, -43 = -m + a*v + 2*v. What is the highest common divisor of m and 5?
5
Let m(o) = -2*o**3 - 18*o**2 - 18*o + 13. Let l be m(-8). Calculate the greatest common divisor of l and 87.
29
Suppose -229 = -5*p + 61. Let x be p + (-16)/(-12)*-3. What is the greatest common divisor of 36 and x?
18
Let a = -158 - -478. Suppose 0 = d - 2, -3*b + 106*d + 126 = 109*d. What is the highest common factor of a and b?
40
Let r(v) be the third derivative of -v**5/60 - 11*v**4/24 - 4*v**3/3 + 4*v**2. Let f be r(-4). Let c = 16 + -6. What is the greatest common divisor of f and c?
10
Let n = 26 + -18. Let y(c) = 26*c - 12. Let u be y(2). Calculate the greatest common factor of u and n.
8
Suppose -5*g + 4012 = 2*n, 3*n - g = 579 + 5422. Calculate the greatest common factor of n and 174.
87
Suppose 0 = 11*u - 2 - 350. Let i = u + -5. What is the highest common factor of i and 3?
3
Suppose -3*j - 5*r + 2*r + 165 = 0, -4*j + 220 = -4*r. What is the greatest common factor of j and 110?
55
Let f = 673 + -647. Calculate the greatest common factor of 52 and f.
26
Suppose 2*j + j = -48. Let t = -4 - j. What is the highest common factor of 24 and t?
12
Suppose 7*v = 12*v + m - 1245, -5*m = 5*v - 1225. What is the highest common factor of v and 600?
50
Suppose -51*l = -67*l + 576. Calculate the highest common factor of l and 948.
12
Let x(k) = -k**2 + 63*k - 26. Let p be x(8). Calculate the highest common divisor of p and 184.
46
Let i be (8/4)/(2/4). Suppose -65 - 155 = -i*p. Let a = -26 - -48. What is the greatest common divisor of p and a?
11
Let r = 32 - 20. Suppose 3*g - 34 = -4*i, 4*g = i + 2*g - 14. Let p = r - i. What is the greatest common factor of p and 1?
1
Suppose -327*c - 24 = -329*c. What is the greatest common factor of c and 22?
2
Let q(m) = 2*m**2 + 12*m - 31. Let o be q(3). What is the greatest common divisor of 667 and o?
23
Let y = 237 + -220. Let c be (-17)/(25/(-8) + 3). Calculate the highest common factor of c and y.
17
Suppose -2 = n - 3*n. Let w = n - -12. Let r = w - 5. What is the highest common factor of 40 and r?
8
Suppose 0 = -5*g - 3*u + 100, -4*u + 100 = 5*g - 7*u. Suppose -4*i + 100 = -5*v, -3*v = -2*i + v + 56. Calculate the highest common factor of i and g.
20
Let t = 724 - 434. What is the highest common factor of 10 and t?
10
Let q(j) = -j**3 + 4*j**2 + 5. Let p be q(4). Suppose 0 = -p*o + 115 +